 3924 is divided by 163?
12
Calculate the remainder when 18982 is divided by 226.
224
Calculate the remainder when 91259 is divided by 52.
51
Calculate the remainder when 66502 is divided by 1510.
62
Calculate the remainder when 11626 is divided by 76.
74
Calculate the remainder when 416777 is divided by 182.
179
Calculate the remainder when 7259 is divided by 12.
11
What is the remainder when 7796 is divided by 7409?
387
What is the remainder when 60445 is divided by 120?
85
Calculate the remainder when 1564686 is divided by 38.
36
What is the remainder when 12156 is divided by 4017?
105
Calculate the remainder when 643257 is divided by 20.
17
What is the remainder when 11975 is divided by 11879?
96
What is the remainder when 1147 is divided by 197?
162
What is the remainder when 704 is divided by 368?
336
What is the remainder when 18571 is divided by 14?
7
Calculate the remainder when 6776 is divided by 172.
68
What is the remainder when 222202 is divided by 44438?
12
What is the remainder when 2338 is divided by 86?
16
Calculate the remainder when 3201 is divided by 703.
389
What is the remainder when 109731 is divided by 601?
349
Calculate the remainder when 38858 is divided by 237.
227
What is the remainder when 148034 is divided by 925?
34
What is the remainder when 20495 is divided by 247?
241
What is the remainder when 82947 is divided by 20733?
15
What is the remainder when 17634 is divided by 881?
14
What is the remainder when 4745 is divided by 591?
17
Calculate the remainder when 1633 is divided by 233.
2
Calculate the remainder when 21579 is divided by 241.
130
Calculate the remainder when 94795 is divided by 164.
3
What is the remainder when 137942 is divided by 199?
35
What is the remainder when 105165 is divided by 212?
13
Calculate the remainder when 88183 is divided by 22032.
55
What is the remainder when 5958 is divided by 7?
1
Calculate the remainder when 2332 is divided by 738.
118
Calculate the remainder when 35319 is divided by 17653.
13
Calculate the remainder when 63122 is divided by 21020.
62
Calculate the remainder when 3596 is divided by 1758.
80
What is the remainder when 1347907 is divided by 336975?
7
What is the remainder when 5374 is divided by 381?
40
What is the remainder when 13173 is divided by 1336?
1149
Calculate the remainder when 4022 is divided by 1245.
287
Calculate the remainder when 33465 is divided by 5575.
15
What is the remainder when 261 is divided by 46?
31
Calculate the remainder when 28213 is divided by 2817.
43
What is the remainder when 3522 is divided by 402?
306
Calculate the remainder when 1419912 is divided by 372.
360
Calculate the remainder when 11378 is divided by 100.
78
What is the remainder when 6414 is divided by 73?
63
Calculate the remainder when 5435 is divided by 1795.
50
Calculate the remainder when 1022187 is divided by 161.
159
Calculate the remainder when 589992 is divided by 1180.
1172
What is the remainder when 582129 is divided by 187?
185
Calculate the remainder when 29055 is divided by 9633.
156
Calculate the remainder when 1086 is divided by 1075.
11
Calculate the remainder when 73318 is divided by 24.
22
What is the remainder when 61834 is divided by 12?
10
Calculate the remainder when 781524 is divided by 144.
36
Calculate the remainder when 9483 is divided by 1572.
51
What is the remainder when 21453 is divided by 43?
39
Calculate the remainder when 179851 is divided by 16.
11
Calculate the remainder when 199829 is divided by 847.
784
What is the remainder when 2836 is divided by 608?
404
Calculate the remainder when 15888 is divided by 172.
64
Calculate the remainder when 1284 is divided by 356.
216
What is the remainder when 372 is divided by 51?
15
Calculate the remainder when 4856 is divided by 21.
5
Calculate the remainder when 16381 is divided by 3827.
1073
What is the remainder when 4493 is divided by 270?
173
What is the remainder when 553344 is divided by 92223?
6
Calculate the remainder when 16167 is divided by 16148.
19
What is the remainder when 5975 is divided by 115?
110
Calculate the remainder when 11298 is divided by 411.
201
What is the remainder when 3606 is divided by 898?
14
What is the remainder when 17450 is divided by 49?
6
What is the remainder when 7333 is divided by 7321?
12
Calculate the remainder when 41190 is divided by 43.
39
What is the remainder when 352569 is divided by 21?
0
Calculate the remainder when 77031 is divided by 155.
151
What is the remainder when 2238 is divided by 983?
272
What is the remainder when 3156 is divided by 1033?
57
Calculate the remainder when 117708 is divided by 58847.
14
What is the remainder when 56789 is divided by 8111?
12
Calculate the remainder when 10988 is divided by 1372.
12
Calculate the remainder when 519 is divided by 413.
106
Calculate the remainder when 7136 is divided by 1783.
4
What is the remainder when 660 is divided by 135?
120
Calculate the remainder when 6588 is divided by 108.
0
Calculate the remainder when 1704298 is divided by 65.
63
Calculate the remainder when 36895 is divided by 13.
1
What is the remainder when 4341 is divided by 272?
261
What is the remainder when 23357 is divided by 33?
26
Calculate the remainder when 13526175 is divided by 19.
18
Calculate the remainder when 1285 is divided by 437.
411
Calculate the remainder when 1039 is divided by 462.
115
Calculate the remainder when 13379 is divided by 81.
14
Calculate the remainder when 4803 is divided by 2398.
7
Calculate the remainder when 2377 is divided by 303.
256
What is the remainder when 345145 is divided by 390?
385
What is the remainder when 10567 is divided by 1758?
19
What is the remainder when 53947 is divided by 1286?
1221
What is the remainder when 152493 is divided by 137?
12
What is the remainder when 65099 is divided by 1447?
1431
Calculate the remainder when 10798 is divided by 277.
272
What is the remainder when 517 is divided by 10?
7
Calculate the remainder when 3486270 is divided by 11.
7
Calculate the remainder when 1979 is divided by 52.
3
What is the remainder when 22584 is divided by 222?
162
What is the remainder when 496678 is divided by 8?
6
What is the remainder when 12011 is divided by 3981?
68
Calculate the remainder when 8520 is divided by 2827.
39
What is the remainder when 1368017 is divided by 102?
95
What is the remainder when 30389 is divided by 707?
695
What is the remainder when 21070 is divided by 92?
2
What is the remainder when 320420 is divided by 381?
380
What is the remainder when 11187 is divided by 798?
15
Calculate the remainder when 826383 is divided by 208.
207
What is the remainder when 76487 is divided by 343?
341
What is the remainder when 105257 is divided by 57?
35
What is the remainder when 231349 is divided by 478?
475
What is the remainder when 1313555 is divided by 166?
163
Calculate the remainder when 928 is divided by 860.
68
Calculate the remainder when 181572 is divided by 75.
72
What is the remainder when 216 is divided by 109?
107
What is the remainder when 391623 is divided by 13?
11
Calculate the remainder when 1104 is divided by 47.
23
Calculate the remainder when 1129048 is divided by 450.
448
What is the remainder when 84589 is divided by 40?
29
What is the remainder when 12804 is divided by 2134?
0
What is the remainder when 391774 is divided by 848?
846
Calculate the remainder when 543043 is divided by 32.
3
Calculate the remainder when 9939 is divided by 4445.
1049
Calculate the remainder when 1105 is divided by 312.
169
Calculate the remainder when 969223 is divided by 14911.
8
What is the remainder when 48758 is divided by 4432?
6
What is the remainder when 19374 is divided by 323?
317
Calculate the remainder when 11960 is divided by 116.
12
Calculate the remainder when 22113 is divided by 724.
393
Calculate the remainder when 100498 is divided by 300.
298
Calculate the remainder when 196546 is divided by 22.
20
What is the remainder when 373 is divided by 281?
92
What is the remainder when 87085 is divided by 14514?
1
What is the remainder when 4740 is divided by 60?
0
What is the remainder when 15272 is divided by 19?
15
Calculate the remainder when 65050 is divided by 27.
7
What is the remainder when 4083 is divided by 201?
63
What is